{"id":3180,"date":"2022-10-27T11:26:22","date_gmt":"2022-10-27T09:26:22","guid":{"rendered":"https:\/\/www.coeurscollectif.fr\/web\/?page_id=3180"},"modified":"2024-06-10T15:17:08","modified_gmt":"2024-06-10T13:17:08","slug":"monparcours","status":"publish","type":"page","link":"https:\/\/www.coeurscollectif.fr\/web\/monparcours\/","title":{"rendered":"Mon parcours"},"content":{"rendered":"<p>[vc_row el_id=\u00a0\u00bbresume\u00a0\u00bb css=\u00a0\u00bb.vc_custom_1666873770364{margin-right: 5% !important;margin-left: 5% !important;}\u00a0\u00bb el_class=\u00a0\u00bbfondfixe\u00a0\u00bb][vc_column el_class=\u00a0\u00bbcc-container\u00a0\u00bb][vc_column_text el_id=\u00a0\u00bbretour\u00a0\u00bb]<\/p>\n<h1 style=\"text-align: center;\"><span style=\"font-size: 44px;\">Mon parcours<\/span><\/h1>\n<h2 style=\"text-align: center;\"><span style=\"font-size: 24px;\">Un chemin initiatique permanent<\/span><\/h2>\n<p>[\/vc_column_text][vc_column_text]<a href=\"#etudes\">Mes \u00e9tudes<\/a><\/p>\n<p><a href=\"#reorientation\">La r\u00e9orientation profonde de mon parcours<\/a><\/p>\n<p><a href=\"#parcours\">Mon d\u00e9but de parcours de d\u00e9veloppement personnel<\/a><\/p>\n<p><a href=\"#experiences\">Mes exp\u00e9riences professionnelles<\/a><\/p>\n<p><a href=\"#developpement\">La suite de mon parcours de d\u00e9veloppement personnel<\/a><\/p>\n<p><a href=\"#frequences\">Depuis 2017&#8230;<\/a><a id=\"etudes\"><\/a>[\/vc_column_text][vc_empty_space][vc_empty_space][vc_empty_space][vc_empty_space][vc_column_text]<\/p>\n<h3>Mes \u00e9tudes<\/h3>\n<p>J\u2019ai commenc\u00e9 mes \u00e9tudes avec l\u2019obtention d\u2019un <strong>DUT en G\u00e9nie Biologie<\/strong>, o\u00f9 j\u2019ai eu essentiellement les bases de la biologie v\u00e9g\u00e9tale, animale, analyses de laboratoire\u2026 le fait d\u2019\u00eatre enferm\u00e9e \u00e0 longueur de temps dans un laboratoire avec peu d\u2019interactions avec mon entourage m\u2019a fait vite comprendre que j\u2019\u00e9tais faite pour la relation.<\/p>\n<p>Je me suis donc r\u00e9orient\u00e9e dans l\u2019<strong>animation scientifique <\/strong>avec l\u2019obtention d\u2019un DUT en Carri\u00e8res sociales. Cela m\u2019a permis de rencontrer l\u2019association Plan\u00e8te Sciences Ile-de-France avec laquelle je me suis investie pendant quelques ann\u00e9es en tant que membre du bureau et \u00e9galement salari\u00e9e pendant une ann\u00e9e.<\/p>\n<p>Apr\u00e8s ce DUT en poche, j\u2019ai d\u00e9cid\u00e9 de faire une <strong>licence Sciences de l\u2019Education<\/strong> par correspondance pendant deux ann\u00e9es cons\u00e9cutives. Cela m\u2019a appris la gestion personnelle et la discipline. Cette licence m\u2019a fait prendre conscience que nous \u00e9tions \u00e0 l\u2019\u00e2ge pr\u00e9historique de l\u2019\u00e9ducation et que nous avions tout \u00e0 inventer, \u00e0 innover pour \u00eatre davantage plus proche de la dynamique propre des enfants.<\/p>\n<p>Je me suis donc lanc\u00e9e dans le concours <strong>Professeur des Ecoles<\/strong>. Mon passage au sein de l\u2019Education Nationale a \u00e9t\u00e9 tr\u00e8s rapide, apr\u00e8s 1 ans et 2 mois de service, j\u2019ai d\u00e9missionn\u00e9.[\/vc_column_text][vc_column_text el_id=\u00a0\u00bbreorientation\u00a0\u00bb]<a href=\"#retour\"><span style=\"color: #000000;\">Retour haut de page<\/span><\/a>[\/vc_column_text][vc_empty_space][vc_empty_space][vc_empty_space][vc_empty_space][vc_column_text]<\/p>\n<h3>La r\u00e9orientation profonde de mon parcours<\/h3>\n<p>Pendant le d\u00e9roulement de mes \u00e9tudes, j\u2019ai rencontr\u00e9 <strong>mon mari<\/strong>. Il a d\u00e9clar\u00e9 un cancer et il est <strong>d\u00e9c\u00e9d\u00e9<\/strong> \u00e0 l\u2019\u00e2ge de 27 ans. <strong>L\u2019\u00e9preuve<\/strong> a \u00e9t\u00e9 profond\u00e9ment <strong>initiatique<\/strong> pour moi. A 26 ans, c\u2019est tout un projet de vie qui s\u2019arr\u00eatait. Cela a eu l\u2019effet de m\u2019ouvrir sur les plans subtils et d\u2019\u00eatre en <strong>qu\u00eate profonde de qu\u2019est-ce que j\u2019\u00e9tais venue faire ici sur Terre\u00a0?<\/strong>[\/vc_column_text][vc_column_text el_id=\u00a0\u00bbparcours\u00a0\u00bb]<a href=\"#retour\"><span style=\"color: #000000;\">Retour haut de page<\/span><\/a>[\/vc_column_text][vc_empty_space][vc_empty_space][vc_empty_space][vc_empty_space][vc_column_text]<\/p>\n<h3>Mon d\u00e9but de parcours de d\u00e9veloppement personnel<\/h3>\n<p>J\u2019ai suivi pendant plus de 4 ans, un enseignant en d\u00e9veloppement personnel, et cela a mis \u00e0 jour des choses profondes et notamment sur quel positionnement j\u2019avais envie de prendre dans ma relation \u00e0 l\u2019autre. C\u2019est alors que j\u2019ai souhait\u00e9 de tout mon c\u0153ur <strong>de cr\u00e9er des espaces de co-construction avec les personnes en \u00e9quit\u00e9.<\/strong><\/p>\n<p>A la suite j\u2019ai fait plusieurs<strong> constellations familiales<\/strong> en collectif avec Eric Laudi\u00e8re et Catherine Bogaert. Le principe est qu\u2019une personne parmi le collectif est choisie. Cette personne expose sa probl\u00e9matique actuelle et elle va discerner parmi tous les membres du collectif quels sont ceux qui vont jouer des r\u00f4les pour r\u00e9soudre celle-ci. Ensuite toutes les personnes choisies avec leur r\u00f4le sp\u00e9cifique se positionnent dans la pi\u00e8ce en recherchant leur position de confort. A partir de l\u00e0, la personne qui a sa probl\u00e9matique peut percevoir des informations sur des aspects inconscients ou subconscients de celle-ci. Ce qui m\u2019a fascin\u00e9e \u00e0 travers cette pratique, c\u2019est <strong>le nombre d\u2019informations que nous pouvions obtenir par la dynamique cr\u00e9\u00e9e par le collectif.<\/strong>[\/vc_column_text][vc_column_text el_id=\u00a0\u00bbexperiences\u00a0\u00bb]<a href=\"#retour\"><span style=\"color: #000000;\">Retour haut de page<\/span><\/a>[\/vc_column_text][vc_empty_space][vc_empty_space][vc_empty_space][vc_empty_space][vc_column_text]<\/p>\n<h3>Mes exp\u00e9riences professionnelles<\/h3>\n<p>Apr\u00e8s avoir \u00e9t\u00e9 animatrice scientifique et professeur des \u00e9coles, j\u2019ai r\u00e9alis\u00e9 des m\u00e9tiers diff\u00e9rents, p\u00e9riode \u00e0 laquelle je me donnais tout l\u2019espace de recherche pour mieux d\u00e9couvrir ce qui m\u2019animait profond\u00e9ment. J\u2019ai \u00e9t\u00e9 donc agent de service hospitalier, surveillante au coll\u00e8ge, professeur des \u00e9coles au sein d\u2019une \u00e9cole alternative, directrice de s\u00e9jour de vacances et coordinatrice de projet au sein de l\u2019association Plan\u00e8te Sciences Ile-de-France. Cette derni\u00e8re exp\u00e9rience \u00e9tait forte enrichissante car j\u2019ai \u00e9t\u00e9 amen\u00e9e \u00e0 coordonner 10 groupes d\u2019une dizaine de personne pour le d\u00e9partement de l\u2019Essonne sur le th\u00e8me de la m\u00e9moire.<\/p>\n<p>Apr\u00e8s avoir travaill\u00e9 un an et demi au sein de l\u2019\u00e9cole alternative, j\u2019ai d\u00e9cid\u00e9 de cr\u00e9er ma propre <strong>\u00e9cole<\/strong> en 2012 appel\u00e9 <strong>MANA<\/strong> (Maison des Apprentissages Naturels), une classe unique de primaire qui a accueilli des enfants entre 3 et 11 ans. C\u2019est un projet qui a dur\u00e9 8 ans en tout, 4 ans de mise en place et 4 ans d\u2019ouverture. J\u2019ai appris sur la <strong>dynamique collective<\/strong> de recherche, sur <strong>l\u2019accompagnement<\/strong>, sur la <strong>gestion<\/strong> de projet et sur les <strong>priorit\u00e9s<\/strong>.[\/vc_column_text][vc_column_text el_id=\u00a0\u00bbdeveloppement\u00a0\u00bb]<a href=\"#retour\"><span style=\"color: #000000;\">Retour haut de page<\/span><\/a>[\/vc_column_text][vc_empty_space][vc_empty_space][vc_empty_space][vc_empty_space][vc_column_text]<\/p>\n<h3>La suite de mon parcours de d\u00e9veloppement personnel<\/h3>\n<p>En 2012, j\u2019ai rencontr\u00e9 Virginie Garro, coach en business non-directif. Elle m&rsquo;a offert un espace inestimable pour que je puisse <strong>suivre le chemin qui \u00e9tait le mien<\/strong> sans interf\u00e9rer ma dynamique. Je me suis sentie <strong>accueillie, comprise, entendue et respect\u00e9e dans mon mouvement personnel<\/strong>. Cela m&rsquo;a enseign\u00e9e sur le cadre que je souhaitais \u00e0 mon tour offrir pour les autres. Cela a \u00e9t\u00e9 une \u00e9tape d\u00e9terminante pour l&rsquo;apprentissage qui s&rsquo;est op\u00e9r\u00e9e pour moi par la suite.<\/p>\n<p>En 2017, j\u2019ai rencontr\u00e9 Ngub Nding. Il m\u2019a transmis la <strong>pratique du test musculaire<\/strong>. C\u2019est une technique qui permet d\u2019obtenir des indications avec son corps par la d\u00e9tection de signaux que celui-ci capte naturellement. Pour obtenir un signal de qualit\u00e9 et non perturb\u00e9, il est n\u00e9cessaire de d\u00e9velopper une qualit\u00e9 de pr\u00e9sence \u00e0 soi. Il m\u2019a \u00e9galement transmis un bon nombre d\u2019outils pour apprendre \u00e0 d\u00e9tecter dans son syst\u00e8me les perturbations \u00e9nerg\u00e9tiques et \u00e9galement cr\u00e9er ses propres outils d\u2019\u00e9quilibrage. J\u2019ai une profonde admiration et respect pour son travail qui m\u2019a permis de <strong>d\u00e9velopper mes potentiels<\/strong>.<\/p>\n<p>En 2020, j\u2019ai rencontr\u00e9 son fr\u00e8re Oob Nding, qui a une exp\u00e9rience riche sur le d\u00e9veloppement entrepreneuriale. Oob m\u2019a transmis <strong>l\u2019architecture de base de l\u2019entreprise<\/strong> (leadership, marketing, money, management, g\u00e9n\u00e9ration des prospects\u2026). Ce qui m\u2019a profond\u00e9ment touch\u00e9e dans son accompagnement c\u2019est sa <strong>passion pour les processus mis en jeu dans le d\u00e9veloppement entrepreneurial<\/strong>\u00a0! C\u2019\u00e9tait un cadeau du ciel d\u2019apprendre \u00e0 d\u00e9velopper son entreprise par cette approche, cela r\u00e9sonnait fort avec ma propre dynamique. A l\u2019\u00e9poque j\u2019\u00e9tais encore dans le d\u00e9veloppement de l\u2019\u00e9cole MANA et tr\u00e8s vite gr\u00e2ce \u00e0 son concours et au contexte soci\u00e9tal du moment, j\u2019\u00e9tais appel\u00e9e \u00e0 fermer l\u2019\u00e9cole pour d\u00e9velopper C\u0153urs Collectif.[\/vc_column_text][vc_column_text el_id=\u00a0\u00bbfrequences\u00a0\u00bb]<a href=\"#retour\"><span style=\"color: #000000;\">Retour haut de page<\/span><\/a>[\/vc_column_text][vc_empty_space][vc_empty_space][vc_empty_space][vc_empty_space][vc_column_text]<\/p>\n<h3>Depuis 2017\u2026<\/h3>\n<p>Ma conscience s\u2019est profond\u00e9ment \u00e9veill\u00e9e sur les <strong>fr\u00e9quences<\/strong> quelle qu\u2019elles soient\u2026 Tout absolument tout est vibration dans notre environnement, ainsi chaque objet, chaque chose, ambiance\u2026. est porteur de fr\u00e9quence. Avec la pratique du test musculaire, j\u2019ai un outil pr\u00e9cieux pour prendre davantage conscience quelles sont les fr\u00e9quences <strong>porteuses ou non pour moi-m\u00eame<\/strong> (mon propre syst\u00e8me). Cela amplifie ma conscience sur ce qui est bon ou pas pour moi et d\u2019\u00eatre profond\u00e9ment attentive \u00e0 <strong>ma propre autorit\u00e9 int\u00e9rieure<\/strong>. Je souhaite profond\u00e9ment \u00e0 travers C\u0153urs Collectif <strong>r\u00e9v\u00e9ler les chemins les plus porteurs <\/strong>pour ceux que j\u2019accompagne que ce soit en collectif ou en individuel.[\/vc_column_text][vc_column_text]<a href=\"#retour\"><span style=\"color: #000000;\">Retour haut de page<\/span><\/a>[\/vc_column_text][vc_empty_space][vc_empty_space][vc_empty_space][\/vc_column][\/vc_row]<\/p>\n","protected":false},"excerpt":{"rendered":"<p>[vc_row el_id=\u00a0\u00bbresume\u00a0\u00bb css=\u00a0\u00bb.vc_custom_1666873770364{margin-right: 5% !important;margin-left: 5% !important;}\u00a0\u00bb el_class=\u00a0\u00bbfondfixe\u00a0\u00bb][vc_column el_class=\u00a0\u00bbcc-container\u00a0\u00bb][vc_column_text el_id=\u00a0\u00bbretour\u00a0\u00bb] Mon parcours Un chemin initiatique permanent [\/vc_column_text][vc_column_text]Mes \u00e9tudes La r\u00e9orientation profonde de mon parcours Mon d\u00e9but de parcours de d\u00e9veloppement [&hellip;]<\/p>\n","protected":false},"author":2,"featured_media":0,"parent":0,"menu_order":0,"comment_status":"closed","ping_status":"closed","template":"","meta":{"footnotes":""},"class_list":["post-3180","page","type-page","status-publish","hentry"],"yoast_head":"<!-- This site is optimized with the Yoast SEO plugin v26.2 - https:\/\/yoast.com\/wordpress\/plugins\/seo\/ -->\n<title>Initiatrice - C\u0153urs Collectif, agir \u00e0 partir de l&#039;Etre !<\/title>\n<meta name=\"description\" content=\"C\u00e9cile Priou est au service des dynamiques de d\u00e9veloppement pour les collectifs et les individuels. Retrouvez tout son parcours.\" \/>\n<meta name=\"robots\" content=\"index, follow, max-snippet:-1, max-image-preview:large, max-video-preview:-1\" \/>\n<link rel=\"canonical\" href=\"https:\/\/www.coeurscollectif.fr\/web\/monparcours\/\" \/>\n<meta property=\"og:locale\" content=\"fr_FR\" \/>\n<meta property=\"og:type\" content=\"article\" \/>\n<meta property=\"og:title\" content=\"Initiatrice - C\u0153urs Collectif, agir \u00e0 partir de l&#039;Etre !\" \/>\n<meta property=\"og:description\" content=\"C\u00e9cile Priou est au service des dynamiques de d\u00e9veloppement pour les collectifs et les individuels. Retrouvez tout son parcours.\" \/>\n<meta property=\"og:url\" content=\"https:\/\/www.coeurscollectif.fr\/web\/monparcours\/\" \/>\n<meta property=\"og:site_name\" content=\"C\u0153urs Collectif\" \/>\n<meta property=\"article:publisher\" content=\"https:\/\/www.facebook.com\/coeurscollectif\" \/>\n<meta property=\"article:modified_time\" content=\"2024-06-10T13:17:08+00:00\" \/>\n<meta name=\"twitter:card\" content=\"summary_large_image\" \/>\n<meta name=\"twitter:label1\" content=\"Dur\u00e9e de lecture estim\u00e9e\" \/>\n\t<meta name=\"twitter:data1\" content=\"6 minutes\" \/>\n<script type=\"application\/ld+json\" class=\"yoast-schema-graph\">{\"@context\":\"https:\/\/schema.org\",\"@graph\":[{\"@type\":\"WebPage\",\"@id\":\"https:\/\/www.coeurscollectif.fr\/web\/monparcours\/\",\"url\":\"https:\/\/www.coeurscollectif.fr\/web\/monparcours\/\",\"name\":\"Initiatrice - C\u0153urs Collectif, agir \u00e0 partir de l'Etre !\",\"isPartOf\":{\"@id\":\"https:\/\/www.coeurscollectif.fr\/web\/#website\"},\"datePublished\":\"2022-10-27T09:26:22+00:00\",\"dateModified\":\"2024-06-10T13:17:08+00:00\",\"description\":\"C\u00e9cile Priou est au service des dynamiques de d\u00e9veloppement pour les collectifs et les individuels. Retrouvez tout son parcours.\",\"breadcrumb\":{\"@id\":\"https:\/\/www.coeurscollectif.fr\/web\/monparcours\/#breadcrumb\"},\"inLanguage\":\"fr-FR\",\"potentialAction\":[{\"@type\":\"ReadAction\",\"target\":[\"https:\/\/www.coeurscollectif.fr\/web\/monparcours\/\"]}]},{\"@type\":\"BreadcrumbList\",\"@id\":\"https:\/\/www.coeurscollectif.fr\/web\/monparcours\/#breadcrumb\",\"itemListElement\":[{\"@type\":\"ListItem\",\"position\":1,\"name\":\"Accueil\",\"item\":\"https:\/\/www.coeurscollectif.fr\/web\/\"},{\"@type\":\"ListItem\",\"position\":2,\"name\":\"Mon parcours\"}]},{\"@type\":\"WebSite\",\"@id\":\"https:\/\/www.coeurscollectif.fr\/web\/#website\",\"url\":\"https:\/\/www.coeurscollectif.fr\/web\/\",\"name\":\"C\u0153urs Collectif\",\"description\":\"\",\"potentialAction\":[{\"@type\":\"SearchAction\",\"target\":{\"@type\":\"EntryPoint\",\"urlTemplate\":\"https:\/\/www.coeurscollectif.fr\/web\/?s={search_term_string}\"},\"query-input\":{\"@type\":\"PropertyValueSpecification\",\"valueRequired\":true,\"valueName\":\"search_term_string\"}}],\"inLanguage\":\"fr-FR\"}]}<\/script>\n<!-- \/ Yoast SEO plugin. -->","yoast_head_json":{"title":"Initiatrice - C\u0153urs Collectif, agir \u00e0 partir de l'Etre !","description":"C\u00e9cile Priou est au service des dynamiques de d\u00e9veloppement pour les collectifs et les individuels. Retrouvez tout son parcours.","robots":{"index":"index","follow":"follow","max-snippet":"max-snippet:-1","max-image-preview":"max-image-preview:large","max-video-preview":"max-video-preview:-1"},"canonical":"https:\/\/www.coeurscollectif.fr\/web\/monparcours\/","og_locale":"fr_FR","og_type":"article","og_title":"Initiatrice - C\u0153urs Collectif, agir \u00e0 partir de l'Etre !","og_description":"C\u00e9cile Priou est au service des dynamiques de d\u00e9veloppement pour les collectifs et les individuels. Retrouvez tout son parcours.","og_url":"https:\/\/www.coeurscollectif.fr\/web\/monparcours\/","og_site_name":"C\u0153urs Collectif","article_publisher":"https:\/\/www.facebook.com\/coeurscollectif","article_modified_time":"2024-06-10T13:17:08+00:00","twitter_card":"summary_large_image","twitter_misc":{"Dur\u00e9e de lecture estim\u00e9e":"6 minutes"},"schema":{"@context":"https:\/\/schema.org","@graph":[{"@type":"WebPage","@id":"https:\/\/www.coeurscollectif.fr\/web\/monparcours\/","url":"https:\/\/www.coeurscollectif.fr\/web\/monparcours\/","name":"Initiatrice - C\u0153urs Collectif, agir \u00e0 partir de l'Etre !","isPartOf":{"@id":"https:\/\/www.coeurscollectif.fr\/web\/#website"},"datePublished":"2022-10-27T09:26:22+00:00","dateModified":"2024-06-10T13:17:08+00:00","description":"C\u00e9cile Priou est au service des dynamiques de d\u00e9veloppement pour les collectifs et les individuels. Retrouvez tout son parcours.","breadcrumb":{"@id":"https:\/\/www.coeurscollectif.fr\/web\/monparcours\/#breadcrumb"},"inLanguage":"fr-FR","potentialAction":[{"@type":"ReadAction","target":["https:\/\/www.coeurscollectif.fr\/web\/monparcours\/"]}]},{"@type":"BreadcrumbList","@id":"https:\/\/www.coeurscollectif.fr\/web\/monparcours\/#breadcrumb","itemListElement":[{"@type":"ListItem","position":1,"name":"Accueil","item":"https:\/\/www.coeurscollectif.fr\/web\/"},{"@type":"ListItem","position":2,"name":"Mon parcours"}]},{"@type":"WebSite","@id":"https:\/\/www.coeurscollectif.fr\/web\/#website","url":"https:\/\/www.coeurscollectif.fr\/web\/","name":"C\u0153urs Collectif","description":"","potentialAction":[{"@type":"SearchAction","target":{"@type":"EntryPoint","urlTemplate":"https:\/\/www.coeurscollectif.fr\/web\/?s={search_term_string}"},"query-input":{"@type":"PropertyValueSpecification","valueRequired":true,"valueName":"search_term_string"}}],"inLanguage":"fr-FR"}]}},"_links":{"self":[{"href":"https:\/\/www.coeurscollectif.fr\/web\/wp-json\/wp\/v2\/pages\/3180","targetHints":{"allow":["GET"]}}],"collection":[{"href":"https:\/\/www.coeurscollectif.fr\/web\/wp-json\/wp\/v2\/pages"}],"about":[{"href":"https:\/\/www.coeurscollectif.fr\/web\/wp-json\/wp\/v2\/types\/page"}],"author":[{"embeddable":true,"href":"https:\/\/www.coeurscollectif.fr\/web\/wp-json\/wp\/v2\/users\/2"}],"replies":[{"embeddable":true,"href":"https:\/\/www.coeurscollectif.fr\/web\/wp-json\/wp\/v2\/comments?post=3180"}],"version-history":[{"count":4,"href":"https:\/\/www.coeurscollectif.fr\/web\/wp-json\/wp\/v2\/pages\/3180\/revisions"}],"predecessor-version":[{"id":3549,"href":"https:\/\/www.coeurscollectif.fr\/web\/wp-json\/wp\/v2\/pages\/3180\/revisions\/3549"}],"wp:attachment":[{"href":"https:\/\/www.coeurscollectif.fr\/web\/wp-json\/wp\/v2\/media?parent=3180"}],"curies":[{"name":"wp","href":"https:\/\/api.w.org\/{rel}","templated":true}]}}