{"id":2513,"date":"2022-10-14T11:45:59","date_gmt":"2022-10-14T09:45:59","guid":{"rendered":"https:\/\/www.coeurscollectif.fr\/web\/?page_id=2513"},"modified":"2025-05-13T12:05:06","modified_gmt":"2025-05-13T10:05:06","slug":"temoignages","status":"publish","type":"page","link":"https:\/\/www.coeurscollectif.fr\/web\/temoignages\/","title":{"rendered":"T\u00e9moignages"},"content":{"rendered":"<p>[vc_row parallax_image=\u00a0\u00bb1739&Prime; css=\u00a0\u00bb.vc_custom_1666768137015{margin-right: 5% !important;margin-left: 5% !important;background-image: url(https:\/\/www.coeurscollectif.fr\/web\/wp-content\/uploads\/2022\/10\/femme_rocher_adapte.jpg?id=3034) !important;}\u00a0\u00bb el_class=\u00a0\u00bbfondfixe\u00a0\u00bb][vc_column width=\u00a0\u00bb1\/2&Prime; el_class=\u00a0\u00bbcc-container\u00a0\u00bb][vc_column_text]<\/p>\n<h1 style=\"text-align: center;\"><span style=\"font-size: 44px;\">T\u00e9moignages<\/span><\/h1>\n<p>[\/vc_column_text][vc_single_image image=\u00a0\u00bb3033&Prime; img_size=\u00a0\u00bbfull\u00a0\u00bb alignment=\u00a0\u00bbcenter\u00a0\u00bb style=\u00a0\u00bbvc_box_border\u00a0\u00bb el_class=\u00a0\u00bbonlymobile\u00a0\u00bb][vc_empty_space][vc_column_text]<\/p>\n<p dir=\"ltr\">Chaque s\u00e9ance programm\u00e9e avec C\u00e9cile est un moment pr\u00e9cieux \u00e0 la rencontre de soi. L&rsquo;accompagnement qu&rsquo;elle propose met en \u0153uvre un travail d&rsquo;orf\u00e8vre : minutieux, patient, en profondeur. Son \u00e9coute, sa connexion, ses outils agissent comme de puissants r\u00e9v\u00e9lateurs. Elle me permet de voir les situations que je vis avec une autre perspective, plus large. Tout prend sens et peut d\u00e8s lors \u00eatre accept\u00e9, alchimis\u00e9 pour retrouver une vie plus align\u00e9e. Cela me donne beaucoup de foi et de courage !<\/p>\n<p dir=\"ltr\">Merci C\u00e9cile !!<\/p>\n<p><em>C\u00e9line<\/em>[\/vc_column_text][vc_text_separator title=\u00a0\u00bb\u00a0\u00bb i_type=\u00a0\u00bblinecons\u00a0\u00bb i_color=\u00a0\u00bbcustom\u00a0\u00bb style=\u00a0\u00bbshadow\u00a0\u00bb add_icon=\u00a0\u00bbtrue\u00a0\u00bb i_custom_color=\u00a0\u00bb#caac63&Prime;][vc_empty_space][vc_column_text]L&rsquo;accompagnement avec C\u00e9cile m&rsquo;a appris \u00e0 accueillir le mouvement de la vie tel qu&rsquo;il vient. Je le recommande pour ceux qui ont du mal \u00e0 l\u00e2cher prise, ceux qui ont des r\u00e9sistances et des croyances ancr\u00e9es et qui sentent que \u00e7a bloque car C\u00e9cile ira au c\u0153ur du n\u0153ud et avec amour va tirer le fil pour plus de clart\u00e9. Je le conseille aussi pour ceux qui ont d\u00e9j\u00e0 un certain chemin derri\u00e8re eux car nous sommes toujours surpris de ce que nous d\u00e9voile l&rsquo;instant pr\u00e9sent. Les fr\u00e9quences s&rsquo;accueillent, les prises de consciences s&rsquo;op\u00e8rent, des bonds de g\u00e9ant se font quitte m\u00eame \u00e0 faire p\u00e9ter les lignes temporelles (oui, vraiment) \u2026 Une alchimie sur mesure pour le nouveau monde d\u00e9j\u00e0 l\u00e0.<\/p>\n<p><em>Emma<\/em>[\/vc_column_text][vc_text_separator title=\u00a0\u00bb\u00a0\u00bb i_type=\u00a0\u00bblinecons\u00a0\u00bb i_color=\u00a0\u00bbcustom\u00a0\u00bb style=\u00a0\u00bbshadow\u00a0\u00bb add_icon=\u00a0\u00bbtrue\u00a0\u00bb i_custom_color=\u00a0\u00bb#caac63&Prime;][vc_empty_space][vc_column_text]J&rsquo;ai fait une toute 1\u00e8re s\u00e9ance d\u00e9couverte de coaching avec C\u00e9cile Priou de \u00ab\u00a0C\u0153urs Collectif\u00a0\u00bb il y a 2,5 ans. J&rsquo;en avais gard\u00e9 un tel souvenir bluffant ! que malgr\u00e9 mes multiples d\u00e9m\u00e9nagements \u00e0 travers la France, toutes mes affaires en garde meuble, ma vie \u00e0 mi-temps en Afrique dans le cadre de l&rsquo;infernale succession de mon p\u00e8re d\u00e9c\u00e9d\u00e9, bien j&rsquo;ai toujours gard\u00e9 pr\u00e9cieusement l&rsquo;imprim\u00e9 de son compte-rendu de cette s\u00e9ance de f\u00e9vrier 2022 ! Un \u00ab\u00a0simple\u00a0\u00bb recto\/verso bien a\u00e9r\u00e9 et au combien PER-TI-NENT ! Une \u00ab\u00a0fiche de soin\u00a0\u00bb pr\u00e9cieuse et efficace, une vraie \u00ab\u00a0prescription\u00a0\u00bb de fond qui pouvait faire effet sur plusieurs mois. Jusqu&rsquo;\u00e0 cette semaine de juillet 2024, je n&rsquo;avais pas retrouv\u00e9 d&rsquo;espace int\u00e9rieur suffisant pour reprendre un travail d&rsquo;accompagnement de ce type, aussi qualitatif et transformateur. Cette semaine, C\u00e9cile m&rsquo;a accueillie pour m&rsquo;aider \u00e0 reprendre la barre de mon navire. Son approche est unique, je c\u00e9l\u00e8bre ses dons de navigation m\u00ealant \u00e9coute profonde, outils du \u00ab\u00a0Nouveau Monde\u00a0\u00bb (test musculaire kin\u00e9siologie; TFT; supers aliments dit \u00ab\u00a0Essentiels\u00a0\u00bb; Connexion au \u00ab\u00a0Champ\u00a0\u00bb pour soins courts et pr\u00e9cis etc.), sa capacit\u00e9 d&rsquo;ancrage et de structuration, une qualit\u00e9 de pr\u00e9sence dans le c\u0153ur authentique sans complaisance. Dans la foul\u00e9e de cette s\u00e9ance, \u00e0 l&rsquo;aube du mois d&rsquo;ao\u00fbt ! elle accepte au pied lev\u00e9 de m&rsquo;accompagner en intensif sur les 2 semaines \u00e0 venir pour cl\u00f4turer un gros challenge. Une coach de l&rsquo;\u00catre qui sort du lot et que je recommande chaleureusement \u00e0 celles et ceux qui souhaitent s&rsquo;offrir les fraiches, color\u00e9es et vibrantes saveurs de leur meilleur futur !<\/p>\n<p><em>Marie-Laurence<\/em>[\/vc_column_text][vc_text_separator title=\u00a0\u00bb\u00a0\u00bb i_type=\u00a0\u00bblinecons\u00a0\u00bb i_color=\u00a0\u00bbcustom\u00a0\u00bb style=\u00a0\u00bbshadow\u00a0\u00bb add_icon=\u00a0\u00bbtrue\u00a0\u00bb i_custom_color=\u00a0\u00bb#caac63&Prime;][vc_column_text]J\u2019ai \u00e9t\u00e9 accompagn\u00e9e par \u00ab C\u0153urs Collectif \u00bb plusieurs fois et chaque s\u00e9ance est une exp\u00e9rience aussi riche qu\u2019unique. Les constantes sont la joie et la gratitude que j\u2019\u00e9prouve pour chacune d\u2019elles.<\/p>\n<p>A chaque s\u00e9ance, C\u00e9cile met son talent, son \u00e9coute, sa qualit\u00e9 de pr\u00e9sence, son c\u0153ur et sa joie, au service de mon ETRE. J\u2019appr\u00e9cie qu\u2019elle m\u2019accueille inconditionnellement avec c\u0153ur, sans jugement, dans le respect de ce que lui partage. Je me sens vraiment \u00e9cout\u00e9e, entendue et comprise.<\/p>\n<p>Ainsi, C\u00e9cile me permet de me reconnecter en profondeur \u00e0 moi-m\u00eame pour cheminer, tout en m\u2019aidant \u00e0 identifier le chemin le plus optimal (qui n\u2019est pas toujours le plus facile\u2026). Sa pr\u00e9sence m\u2019offre la s\u00e9curit\u00e9 n\u00e9cessaire pour oser explorer mes zones d\u2019inconforts. C\u2019est une v\u00e9ritable aventure int\u00e9rieure qui alterne prises de conscience, actions \u00e0 poser, soins\u2026 et qui avec simplicit\u00e9 et douceur me permet de transformer ou d\u00e9passer les situations difficiles.<\/p>\n<p>Gr\u00e2ce \u00e0 l\u2019accompagnement de C\u00e9cile, mes difficult\u00e9s deviennent des zones d\u2019opportunit\u00e9 de transformation !<\/p>\n<p>Je vous recommande de tout c\u0153ur l\u2019accompagnement propos\u00e9 par \u00ab C\u0153urs Collectif \u00bb !<\/p>\n<p><em>Virginie\u00a0<\/em>[\/vc_column_text][vc_text_separator title=\u00a0\u00bb\u00a0\u00bb i_type=\u00a0\u00bblinecons\u00a0\u00bb i_color=\u00a0\u00bbcustom\u00a0\u00bb style=\u00a0\u00bbshadow\u00a0\u00bb add_icon=\u00a0\u00bbtrue\u00a0\u00bb i_custom_color=\u00a0\u00bb#caac63&Prime;][vc_empty_space][vc_column_text]J&rsquo;ai \u00e9t\u00e9 accompagn\u00e9 par C\u0153urs Collectif \u00e0 plusieurs reprises. \u00c9tant pionnier dans mon domaine, j&rsquo;ai beaucoup appr\u00e9ci\u00e9 ces accompagnements \u00e0 la fois rassurant et dynamisant. Ce que je retiens le plus, c&rsquo;est que chercher dans le nouveau ne veut pas dire pas de rep\u00e8re ni de structure. Il faut simplement que cette structure soit bien au service du nouveau, et c&rsquo;est ce que propose C\u0153urs Collectif !<\/p>\n<p><em>Albin<\/em>[\/vc_column_text][vc_text_separator title=\u00a0\u00bb\u00a0\u00bb i_type=\u00a0\u00bblinecons\u00a0\u00bb i_color=\u00a0\u00bbcustom\u00a0\u00bb style=\u00a0\u00bbshadow\u00a0\u00bb add_icon=\u00a0\u00bbtrue\u00a0\u00bb i_custom_color=\u00a0\u00bb#caac63&Prime;][vc_empty_space][vc_column_text]J&rsquo;ai \u00e9t\u00e9 suivi par C\u00e9cile sur un peu moins d&rsquo;un an. Au fil des s\u00e9ances et tr\u00e8s rapidement, j&rsquo;ai pu voir des avanc\u00e9es dans les diff\u00e9rentes sph\u00e8res de ma vie, tant personnelles que professionnelles. L&rsquo;approche de C\u00e9cile est holistique et structur\u00e9e. Elle incite et accompagne dans le d\u00e9veloppement d&rsquo;outils qui nous sont propres, afin que nous soyons autonomes dans notre cheminement. Elle est \u00e9galement tr\u00e8s r\u00e9active, pr\u00e9sente et bienveillante, pendant la s\u00e9ance ainsi qu&rsquo;en dehors ! Je recommande.<\/p>\n<p><em>Flavian<\/em>[\/vc_column_text][vc_text_separator title=\u00a0\u00bb\u00a0\u00bb i_type=\u00a0\u00bblinecons\u00a0\u00bb i_color=\u00a0\u00bbcustom\u00a0\u00bb style=\u00a0\u00bbshadow\u00a0\u00bb add_icon=\u00a0\u00bbtrue\u00a0\u00bb i_custom_color=\u00a0\u00bb#caac63&Prime;][vc_empty_space][vc_column_text]J&rsquo;ai \u00e9t\u00e9 accompagn\u00e9e par C\u00e9cile sur une dur\u00e9e de plusieurs mois.<\/p>\n<p>Ce fut une\u00a0s\u00e9rie de rendez-vous avec moi-m\u00eame, dans un cadre tr\u00e8s construit tout en \u00e9tant grand ouvert \u00e0 tous les possibles. Je crois que c&rsquo;est cela qui m&rsquo;a le plus impact\u00e9 : un espace o\u00f9 s&rsquo;accueillir au c\u0153ur de soi, \u00e9couter ce qui est l\u00e0, ce qui vibre dans l&rsquo;instant, se laisser surprendre par la r\u00e9sonance des \u00e9changes. J&rsquo;ai aim\u00e9 pouvoir juste \u00eatre et cheminer, toucher la profondeur, tisser des passerelles, sentir les ajustements, les ouvertures, les interstices.<\/p>\n<p>Il ne s&rsquo;est pas agi\u00a0de r\u00e9volutionner quoi que ce soit, mais plut\u00f4t de me laisser surprendre par l&rsquo;inattendu de l&rsquo;\u00eatre,\u00a0dans ce face \u00e0 face matriciel singulier. Comme une trame qui se tisse silencieusement, soutenante, enracinante. Une nouvelle mise en mouvement int\u00e9rieure, comme de nouveaux sillons qui s&rsquo;inscrivent et continuent \u00e0 se d\u00e9ployer tranquillement, au-del\u00e0 de l&rsquo;espace-temps.<\/p>\n<p>Merci C\u00e9cile de faciliter cela.<\/p>\n<p>C&rsquo;est unique, c&rsquo;est inspirant, c&rsquo;est pr\u00e9cieux.<\/p>\n<p><em>Lia<\/em><\/p>\n<p>[\/vc_column_text][vc_text_separator title=\u00a0\u00bb\u00a0\u00bb i_type=\u00a0\u00bblinecons\u00a0\u00bb i_color=\u00a0\u00bbcustom\u00a0\u00bb style=\u00a0\u00bbshadow\u00a0\u00bb add_icon=\u00a0\u00bbtrue\u00a0\u00bb i_custom_color=\u00a0\u00bb#caac63&Prime;][vc_empty_space][vc_column_text]Ma s\u00e9ance d&rsquo;accompagnement avec C\u00e9cile, a vraiment \u00e9t\u00e9 puissante et efficace pour :<\/p>\n<p>&#8211; me remettre dans mes forces et mes ressources,<br \/>\n&#8211; sortir de la confusion due \u00e0 une surcharge de sollicitations et de projets en cours,<br \/>\n&#8211; r\u00e9organiser mes actions et mes choix, pour prioriser ce qui correspond vraiment \u00e0 mon \u00eatre profond, \u00e0 ma mission de vie, \u00e0 mon g\u00e9nie personnel&#8230;<\/p>\n<p>De v\u00e9ritables gains en \u00e9nergie, en efficacit\u00e9, en clart\u00e9, en leadership, en d\u00e9coulent ! Je le sens d\u00e9j\u00e0 !<br \/>\nJe ressens une confiance accrue dans la pertinence de mes choix d&rsquo;action, et donc, davantage de joie et de s\u00e9r\u00e9nit\u00e9 face aux renoncements n\u00e9cessaires dans ma vie ;-)&#8230; Dire Non \u00e0 un chemin, c&rsquo;est dire Oui \u00e0 un autre ;-).<\/p>\n<p>Merci C\u00e9cile pour ton coaching puissant, efficace et pragmatique ! Et merci pour ta pr\u00e9sence enti\u00e8re, toujours bienveillante, profond\u00e9ment authentique, et au service des Etres et de leur croissance !<\/p>\n<p><em>St\u00e9phanie<\/em>[\/vc_column_text][vc_text_separator title=\u00a0\u00bb\u00a0\u00bb i_type=\u00a0\u00bblinecons\u00a0\u00bb i_color=\u00a0\u00bbcustom\u00a0\u00bb style=\u00a0\u00bbshadow\u00a0\u00bb add_icon=\u00a0\u00bbtrue\u00a0\u00bb i_custom_color=\u00a0\u00bb#caac63&Prime;][vc_empty_space][vc_column_text]J&rsquo;ai fait ma premi\u00e8re s\u00e9ance avec C\u0153urs Collectif.<br \/>\nJ&rsquo;ai \u00e9t\u00e9 tr\u00e8s agr\u00e9ablement surpris de la m\u00e9thode de travail de C\u00e9cile, qui est tr\u00e8s riche, disposant de plusieurs outils sur mesure adapt\u00e9s \u00e0 chaque situation. J&rsquo;ai ressenti sa grande exp\u00e9rience acquise et mise au profit, une grande clairvoyance et lucidit\u00e9 qui permet de diriger la s\u00e9ance avec justesse et efficacit\u00e9. Et surtout, des r\u00e9sultats instantan\u00e9s !<\/p>\n<p>Il est rare d&rsquo;avoir cette opportunit\u00e9 de se voir \u00e9voluer et vivre de grandes lib\u00e9rations, prises de conscience en un temps si court.<br \/>\nC&rsquo;est ce qui a g\u00e9n\u00e9r\u00e9 un sentiment de joie, de confiance, d&rsquo;optimisme et de lib\u00e9ration suite \u00e0 la s\u00e9ance, et qui continuent \u00e0 m&rsquo;habiter pour passer \u00e0 l&rsquo;action sereinement<\/p>\n<p>Merci infiniment ! Je recommande vivement le travail et le talent de C\u00e9cile ! Sans oublier de pr\u00e9ciser pour ses qualit\u00e9s humaines incarn\u00e9es, accueil, joie, bienveillance, s\u00e9rieux, soutien.<\/p>\n<p><em>Djamel<\/em>[\/vc_column_text][vc_text_separator title=\u00a0\u00bb\u00a0\u00bb i_type=\u00a0\u00bblinecons\u00a0\u00bb i_color=\u00a0\u00bbcustom\u00a0\u00bb style=\u00a0\u00bbshadow\u00a0\u00bb add_icon=\u00a0\u00bbtrue\u00a0\u00bb i_custom_color=\u00a0\u00bb#caac63&Prime;][vc_empty_space][vc_column_text]Ce que m&rsquo;ont permis les s\u00e9ances avec C\u00e9cile, c&rsquo;est de mettre de la conscience sur ce qui se passe en moi, notamment reconna\u00eetre et accueillir sans jugement et avec beaucoup d&rsquo;amour mon enfant int\u00e9rieur et reconnecter avec mon autorit\u00e9 int\u00e9rieure.<br \/>\nJ&rsquo;ai pu clarifier mes besoins en lien avec mes intentions.<br \/>\nL&rsquo;accompagnement de C\u00e9cile me permet de d\u00e9passer en douceur mais avec volont\u00e9 et courage mes blocages, avec des outils tr\u00e8s actifs au niveau vibratoire. Ces temps sont pour moi des opportunit\u00e9s de recherche \u00e0 deux avec C\u00e9cile. Et j&rsquo;ai pu exp\u00e9rimenter comment la s\u00e9ance peut se d\u00e9rouler avec ce qui est dans l&rsquo;instant pr\u00e9sent, comment les choses peuvent se clarifier alors que j&rsquo;\u00e9tais dans un grand flou.<br \/>\nC\u00e9cile est une perle pour un accompagnement dans la bienveillance, l&rsquo;ouverture du c\u0153ur et la co-cr\u00e9ation.<\/p>\n<p><em>Aurelia<\/em>[\/vc_column_text][vc_text_separator title=\u00a0\u00bb\u00a0\u00bb i_type=\u00a0\u00bblinecons\u00a0\u00bb i_color=\u00a0\u00bbcustom\u00a0\u00bb style=\u00a0\u00bbshadow\u00a0\u00bb add_icon=\u00a0\u00bbtrue\u00a0\u00bb i_custom_color=\u00a0\u00bb#caac63&Prime;][vc_empty_space][vc_column_text]Difficile de mettre des mots sur ces 3 s\u00e9ances avec C\u00e9cile !<br \/>\nUn voyage en TGV entre prises de conscience, soins \u00e9nerg\u00e9tique, int\u00e9grations&#8230; qui permettent une \u00e9volution et une gu\u00e9rison tout en subtilit\u00e9 !<br \/>\nEntre partages, rires et bienveillance, ce fut une grande joie d&rsquo;\u00eatre accompagn\u00e9e par C\u00e9cile ! Merciii !<\/p>\n<p><em>Nathalie<\/em>[\/vc_column_text][vc_text_separator title=\u00a0\u00bb\u00a0\u00bb i_type=\u00a0\u00bblinecons\u00a0\u00bb i_color=\u00a0\u00bbcustom\u00a0\u00bb style=\u00a0\u00bbshadow\u00a0\u00bb add_icon=\u00a0\u00bbtrue\u00a0\u00bb i_custom_color=\u00a0\u00bb#caac63&Prime;][vc_empty_space][vc_column_text]J&rsquo;ai entam\u00e9 il y a quelques mois un parcours de 8 s\u00e9ances avec C\u00e9cile et j&rsquo;ai pu d\u00e8s le d\u00e9but mesurer des changements concrets dans ma vie de tous les jours. Ce suivi est rigoureux, complet, touche \u00e0 toutes les sph\u00e8res de la vie dans une approche aussi globale que pr\u00e9cise. La m\u00e9thodologie est explicit\u00e9e et claire, ce qui donne un ancrage non n\u00e9gligeable pour vivre au mieux les diff\u00e9rentes prises de consciences et changements engag\u00e9s. Actuellement \u00e0 mi-parcours je mets d\u00e9j\u00e0 en \u00e9vidence de nombreux changements qui rendent mon quotidien plus confortable, et la r\u00e9alisation de mes projets plus concr\u00e8te. C\u00e9cile est d&rsquo;une immense bienveillance, s&rsquo;engage r\u00e9ellement dans son suivi. Je recommande sans h\u00e9sitation son accompagnement !<\/p>\n<p><em>Lucile<\/em>[\/vc_column_text][vc_empty_space][vc_empty_space][\/vc_column][vc_column width=\u00a0\u00bb1\/2&Prime;][\/vc_column][\/vc_row][vc_row full_width=\u00a0\u00bbstretch_row\u00a0\u00bb][vc_column][\/vc_column][\/vc_row]<\/p>\n","protected":false},"excerpt":{"rendered":"<p>[vc_row parallax_image=\u00a0\u00bb1739&Prime; css=\u00a0\u00bb.vc_custom_1666768137015{margin-right: 5% !important;margin-left: 5% !important;background-image: url(https:\/\/www.coeurscollectif.fr\/web\/wp-content\/uploads\/2022\/10\/femme_rocher_adapte.jpg?id=3034) !important;}\u00a0\u00bb el_class=\u00a0\u00bbfondfixe\u00a0\u00bb][vc_column width=\u00a0\u00bb1\/2&Prime; el_class=\u00a0\u00bbcc-container\u00a0\u00bb][vc_column_text] T\u00e9moignages [\/vc_column_text][vc_single_image image=\u00a0\u00bb3033&Prime; img_size=\u00a0\u00bbfull\u00a0\u00bb alignment=\u00a0\u00bbcenter\u00a0\u00bb style=\u00a0\u00bbvc_box_border\u00a0\u00bb el_class=\u00a0\u00bbonlymobile\u00a0\u00bb][vc_empty_space][vc_column_text] Chaque s\u00e9ance programm\u00e9e avec C\u00e9cile est un moment pr\u00e9cieux \u00e0 la [&hellip;]<\/p>\n","protected":false},"author":2,"featured_media":0,"parent":0,"menu_order":0,"comment_status":"closed","ping_status":"closed","template":"","meta":{"footnotes":""},"class_list":["post-2513","page","type-page","status-publish","hentry"],"yoast_head":"<!-- This site is optimized with the Yoast SEO plugin v26.2 - https:\/\/yoast.com\/wordpress\/plugins\/seo\/ -->\n<title>Avis des clients<\/title>\n<meta name=\"description\" content=\"Ils t\u00e9moignent !\" \/>\n<meta name=\"robots\" content=\"index, follow, max-snippet:-1, max-image-preview:large, max-video-preview:-1\" \/>\n<link rel=\"canonical\" href=\"https:\/\/www.coeurscollectif.fr\/web\/temoignages\/\" \/>\n<meta property=\"og:locale\" content=\"fr_FR\" \/>\n<meta property=\"og:type\" content=\"article\" \/>\n<meta property=\"og:title\" content=\"Avis des clients\" \/>\n<meta property=\"og:description\" content=\"Ils t\u00e9moignent !\" \/>\n<meta property=\"og:url\" content=\"https:\/\/www.coeurscollectif.fr\/web\/temoignages\/\" \/>\n<meta property=\"og:site_name\" content=\"C\u0153urs Collectif\" \/>\n<meta property=\"article:publisher\" content=\"https:\/\/www.facebook.com\/coeurscollectif\" \/>\n<meta property=\"article:modified_time\" content=\"2025-05-13T10:05:06+00:00\" \/>\n<meta name=\"twitter:card\" content=\"summary_large_image\" \/>\n<meta name=\"twitter:label1\" content=\"Dur\u00e9e de lecture estim\u00e9e\" \/>\n\t<meta name=\"twitter:data1\" content=\"9 minutes\" \/>\n<script type=\"application\/ld+json\" class=\"yoast-schema-graph\">{\"@context\":\"https:\/\/schema.org\",\"@graph\":[{\"@type\":\"WebPage\",\"@id\":\"https:\/\/www.coeurscollectif.fr\/web\/temoignages\/\",\"url\":\"https:\/\/www.coeurscollectif.fr\/web\/temoignages\/\",\"name\":\"Avis des clients\",\"isPartOf\":{\"@id\":\"https:\/\/www.coeurscollectif.fr\/web\/#website\"},\"datePublished\":\"2022-10-14T09:45:59+00:00\",\"dateModified\":\"2025-05-13T10:05:06+00:00\",\"description\":\"Ils t\u00e9moignent !\",\"breadcrumb\":{\"@id\":\"https:\/\/www.coeurscollectif.fr\/web\/temoignages\/#breadcrumb\"},\"inLanguage\":\"fr-FR\",\"potentialAction\":[{\"@type\":\"ReadAction\",\"target\":[\"https:\/\/www.coeurscollectif.fr\/web\/temoignages\/\"]}]},{\"@type\":\"BreadcrumbList\",\"@id\":\"https:\/\/www.coeurscollectif.fr\/web\/temoignages\/#breadcrumb\",\"itemListElement\":[{\"@type\":\"ListItem\",\"position\":1,\"name\":\"Accueil\",\"item\":\"https:\/\/www.coeurscollectif.fr\/web\/\"},{\"@type\":\"ListItem\",\"position\":2,\"name\":\"T\u00e9moignages\"}]},{\"@type\":\"WebSite\",\"@id\":\"https:\/\/www.coeurscollectif.fr\/web\/#website\",\"url\":\"https:\/\/www.coeurscollectif.fr\/web\/\",\"name\":\"C\u0153urs Collectif\",\"description\":\"\",\"potentialAction\":[{\"@type\":\"SearchAction\",\"target\":{\"@type\":\"EntryPoint\",\"urlTemplate\":\"https:\/\/www.coeurscollectif.fr\/web\/?s={search_term_string}\"},\"query-input\":{\"@type\":\"PropertyValueSpecification\",\"valueRequired\":true,\"valueName\":\"search_term_string\"}}],\"inLanguage\":\"fr-FR\"}]}<\/script>\n<!-- \/ Yoast SEO plugin. -->","yoast_head_json":{"title":"Avis des clients","description":"Ils t\u00e9moignent !","robots":{"index":"index","follow":"follow","max-snippet":"max-snippet:-1","max-image-preview":"max-image-preview:large","max-video-preview":"max-video-preview:-1"},"canonical":"https:\/\/www.coeurscollectif.fr\/web\/temoignages\/","og_locale":"fr_FR","og_type":"article","og_title":"Avis des clients","og_description":"Ils t\u00e9moignent !","og_url":"https:\/\/www.coeurscollectif.fr\/web\/temoignages\/","og_site_name":"C\u0153urs Collectif","article_publisher":"https:\/\/www.facebook.com\/coeurscollectif","article_modified_time":"2025-05-13T10:05:06+00:00","twitter_card":"summary_large_image","twitter_misc":{"Dur\u00e9e de lecture estim\u00e9e":"9 minutes"},"schema":{"@context":"https:\/\/schema.org","@graph":[{"@type":"WebPage","@id":"https:\/\/www.coeurscollectif.fr\/web\/temoignages\/","url":"https:\/\/www.coeurscollectif.fr\/web\/temoignages\/","name":"Avis des clients","isPartOf":{"@id":"https:\/\/www.coeurscollectif.fr\/web\/#website"},"datePublished":"2022-10-14T09:45:59+00:00","dateModified":"2025-05-13T10:05:06+00:00","description":"Ils t\u00e9moignent !","breadcrumb":{"@id":"https:\/\/www.coeurscollectif.fr\/web\/temoignages\/#breadcrumb"},"inLanguage":"fr-FR","potentialAction":[{"@type":"ReadAction","target":["https:\/\/www.coeurscollectif.fr\/web\/temoignages\/"]}]},{"@type":"BreadcrumbList","@id":"https:\/\/www.coeurscollectif.fr\/web\/temoignages\/#breadcrumb","itemListElement":[{"@type":"ListItem","position":1,"name":"Accueil","item":"https:\/\/www.coeurscollectif.fr\/web\/"},{"@type":"ListItem","position":2,"name":"T\u00e9moignages"}]},{"@type":"WebSite","@id":"https:\/\/www.coeurscollectif.fr\/web\/#website","url":"https:\/\/www.coeurscollectif.fr\/web\/","name":"C\u0153urs Collectif","description":"","potentialAction":[{"@type":"SearchAction","target":{"@type":"EntryPoint","urlTemplate":"https:\/\/www.coeurscollectif.fr\/web\/?s={search_term_string}"},"query-input":{"@type":"PropertyValueSpecification","valueRequired":true,"valueName":"search_term_string"}}],"inLanguage":"fr-FR"}]}},"_links":{"self":[{"href":"https:\/\/www.coeurscollectif.fr\/web\/wp-json\/wp\/v2\/pages\/2513","targetHints":{"allow":["GET"]}}],"collection":[{"href":"https:\/\/www.coeurscollectif.fr\/web\/wp-json\/wp\/v2\/pages"}],"about":[{"href":"https:\/\/www.coeurscollectif.fr\/web\/wp-json\/wp\/v2\/types\/page"}],"author":[{"embeddable":true,"href":"https:\/\/www.coeurscollectif.fr\/web\/wp-json\/wp\/v2\/users\/2"}],"replies":[{"embeddable":true,"href":"https:\/\/www.coeurscollectif.fr\/web\/wp-json\/wp\/v2\/comments?post=2513"}],"version-history":[{"count":24,"href":"https:\/\/www.coeurscollectif.fr\/web\/wp-json\/wp\/v2\/pages\/2513\/revisions"}],"predecessor-version":[{"id":3806,"href":"https:\/\/www.coeurscollectif.fr\/web\/wp-json\/wp\/v2\/pages\/2513\/revisions\/3806"}],"wp:attachment":[{"href":"https:\/\/www.coeurscollectif.fr\/web\/wp-json\/wp\/v2\/media?parent=2513"}],"curies":[{"name":"wp","href":"https:\/\/api.w.org\/{rel}","templated":true}]}}